{"id":1327,"date":"2025-08-29T18:13:01","date_gmt":"2025-08-29T18:13:01","guid":{"rendered":"https:\/\/sar-camp.wtf\/?page_id=1327"},"modified":"2025-08-29T18:18:40","modified_gmt":"2025-08-29T18:18:40","slug":"concept-de-garde-denfants","status":"publish","type":"page","link":"https:\/\/sar-camp.wtf\/fr\/concept-de-garde-denfants\/","title":{"rendered":"Statement"},"content":{"rendered":"\n<div class=\"gb-element-0ef186e7 alignfull\">\n<!--Waves Container-->\n<div>\n<svg xmlns=\"http:\/\/www.w3.org\/2000\/svg\" xmlns:xlink=\"http:\/\/www.w3.org\/1999\/xlink\" class=\"waves\" viewbox=\"0 24 150 28\" preserveaspectratio=\"none\" shape-rendering=\"auto\">\n<defs>\n<path id=\"gentle-wave\" d=\"M-160 44c30 0 58-18 88-18s 58 18 88 18 58-18 88-18 58 18 88 18 v44h-352z\"><\/path>\n<\/defs>\n<g class=\"parallax\">\n<use xlink:href=\"#gentle-wave\" x=\"48\" y=\"0\" fill=\"rgba(255,255,255,0.7\"><\/use>\n<use xlink:href=\"#gentle-wave\" x=\"48\" y=\"3\" fill=\"rgba(255,255,255,0.5)\"><\/use>\n<use xlink:href=\"#gentle-wave\" x=\"48\" y=\"5\" fill=\"rgba(255,255,255,0.3)\"><\/use>\n<use xlink:href=\"#gentle-wave\" x=\"48\" y=\"7\" fill=\"#fff\"><\/use>\n<\/g>\n<\/svg>\n<\/div>\n<!--Waves end-->\n<\/div>\n\n<div class=\"gb-element-58f1432b alignfull\">\n<div class=\"gb-element-0b206c7b regular-width\">\n<p class=\"has-main-2-color has-text-color has-link-color wp-elements-d70d4c0690b51315a483f7b52fb57c20\" style=\"font-size:30px\"><strong>SAR Camp September 4\u20137, 2025<\/strong><\/p>\n\n\n\n<p>Ce camp est initi\u00e9 \u00e0 partir de la \u00ab bulle \u00bb du sauvetage en mer. Nous sommes conscients que notre perspective est ainsi limit\u00e9e : le groupe d\u2019organisation est majoritairement blanc, non handicap\u00e9 et multiple\u00adment privil\u00e9gi\u00e9. Nous savons donc que nous n\u2019int\u00e9grons pas automatiquement certaines exp\u00e9riences et certains besoins de personnes concern\u00e9es par le racisme, le colonialisme, le validisme, la violence aux fronti\u00e8res et d\u2019autres formes d\u2019oppression.  <\/p>\n\n\n\n<p>Nous consid\u00e9rons la lutte contre le r\u00e9gime frontalier blanc et europ\u00e9en comme notre responsabilit\u00e9. Nous voyons comme notre t\u00e2che de ne pas seulement critiquer ces syst\u00e8mes sur le plan th\u00e9orique, mais de les remettre concr\u00e8tement en question dans notre travail et dans la conception du camp, et de cr\u00e9er des espaces aussi inclusifs et accessibles que possible. <\/p>\n\n\n\n<p>Nous consid\u00e9rons les critiques et les retours comme une base essentielle pour am\u00e9liorer notre travail et construire des espaces inclusifs. Si vous avez des id\u00e9es, des remarques ou des suggestions sur la mani\u00e8re dont nous pouvons rendre le camp plus s\u00fbr et plus accessible, merci de vous adresser directement \u00e0 nous : soit par mail, soit en personne sur place, soit anonymement via notre bo\u00eete \u00e0 retours au camp.   <\/p>\n\n\n\n<div style=\"height:151px\" aria-hidden=\"true\" class=\"wp-block-spacer\"><\/div>\n<\/div>\n<\/div>\n","protected":false},"excerpt":{"rendered":"<p>SAR Camp September 4\u20137, 2025 Ce camp est initi\u00e9 \u00e0 partir de la \u00ab bulle \u00bb du sauvetage en mer. Nous sommes conscients que notre perspective est ainsi limit\u00e9e : le groupe d\u2019organisation est majoritairement blanc, non handicap\u00e9 et multiple\u00adment privil\u00e9gi\u00e9. Nous savons donc que nous n\u2019int\u00e9grons pas automatiquement certaines exp\u00e9riences et certains besoins de &#8230; <a title=\"Statement\" class=\"read-more\" href=\"https:\/\/sar-camp.wtf\/fr\/concept-de-garde-denfants\/\" aria-label=\"En savoir plus sur Statement\">Lire la suite<\/a><\/p>\n","protected":false},"author":1,"featured_media":0,"parent":0,"menu_order":0,"comment_status":"closed","ping_status":"closed","template":"","meta":{"inline_featured_image":false,"footnotes":""},"class_list":["post-1327","page","type-page","status-publish"],"yoast_head":"<!-- This site is optimized with the Yoast SEO plugin v26.1.1 - https:\/\/yoast.com\/wordpress\/plugins\/seo\/ -->\n<title>Statement - SAR Solidarity &amp; Resistance Camp<\/title>\n<meta name=\"robots\" content=\"index, follow, max-snippet:-1, max-image-preview:large, max-video-preview:-1\" \/>\n<link rel=\"canonical\" href=\"https:\/\/sar-camp.wtf\/fr\/concept-de-garde-denfants\/\" \/>\n<meta property=\"og:locale\" content=\"fr_FR\" \/>\n<meta property=\"og:type\" content=\"article\" \/>\n<meta property=\"og:title\" content=\"Statement - SAR Solidarity &amp; Resistance Camp\" \/>\n<meta property=\"og:description\" content=\"SAR Camp September 4\u20137, 2025 Ce camp est initi\u00e9 \u00e0 partir de la \u00ab bulle \u00bb du sauvetage en mer. Nous sommes conscients que notre perspective est ainsi limit\u00e9e : le groupe d\u2019organisation est majoritairement blanc, non handicap\u00e9 et multiple\u00adment privil\u00e9gi\u00e9. Nous savons donc que nous n\u2019int\u00e9grons pas automatiquement certaines exp\u00e9riences et certains besoins de ... Lire la suite\" \/>\n<meta property=\"og:url\" content=\"https:\/\/sar-camp.wtf\/fr\/concept-de-garde-denfants\/\" \/>\n<meta property=\"og:site_name\" content=\"SAR Solidarity &amp; Resistance Camp\" \/>\n<meta property=\"article:modified_time\" content=\"2025-08-29T18:18:40+00:00\" \/>\n<meta name=\"twitter:card\" content=\"summary_large_image\" \/>\n<meta name=\"twitter:label1\" content=\"Dur\u00e9e de lecture estim\u00e9e\" \/>\n\t<meta name=\"twitter:data1\" content=\"1 minute\" \/>\n<script type=\"application\/ld+json\" class=\"yoast-schema-graph\">{\"@context\":\"https:\/\/schema.org\",\"@graph\":[{\"@type\":\"WebPage\",\"@id\":\"https:\/\/sar-camp.wtf\/fr\/concept-de-garde-denfants\/\",\"url\":\"https:\/\/sar-camp.wtf\/fr\/concept-de-garde-denfants\/\",\"name\":\"Statement - SAR Solidarity &amp; Resistance Camp\",\"isPartOf\":{\"@id\":\"https:\/\/sar-camp.wtf\/fr\/#website\"},\"datePublished\":\"2025-08-29T18:13:01+00:00\",\"dateModified\":\"2025-08-29T18:18:40+00:00\",\"breadcrumb\":{\"@id\":\"https:\/\/sar-camp.wtf\/fr\/concept-de-garde-denfants\/#breadcrumb\"},\"inLanguage\":\"fr-FR\",\"potentialAction\":[{\"@type\":\"ReadAction\",\"target\":[\"https:\/\/sar-camp.wtf\/fr\/concept-de-garde-denfants\/\"]}]},{\"@type\":\"BreadcrumbList\",\"@id\":\"https:\/\/sar-camp.wtf\/fr\/concept-de-garde-denfants\/#breadcrumb\",\"itemListElement\":[{\"@type\":\"ListItem\",\"position\":1,\"name\":\"Startseite\",\"item\":\"https:\/\/sar-camp.wtf\/fr\/\"},{\"@type\":\"ListItem\",\"position\":2,\"name\":\"Statement\"}]},{\"@type\":\"WebSite\",\"@id\":\"https:\/\/sar-camp.wtf\/fr\/#website\",\"url\":\"https:\/\/sar-camp.wtf\/fr\/\",\"name\":\"SAR Solidarity &amp; Resistance Camp\",\"description\":\"10 Years of Solidarity &amp; Resistance - Search &amp; Rescue\",\"publisher\":{\"@id\":\"https:\/\/sar-camp.wtf\/fr\/#organization\"},\"potentialAction\":[{\"@type\":\"SearchAction\",\"target\":{\"@type\":\"EntryPoint\",\"urlTemplate\":\"https:\/\/sar-camp.wtf\/fr\/?s={search_term_string}\"},\"query-input\":{\"@type\":\"PropertyValueSpecification\",\"valueRequired\":true,\"valueName\":\"search_term_string\"}}],\"inLanguage\":\"fr-FR\"},{\"@type\":\"Organization\",\"@id\":\"https:\/\/sar-camp.wtf\/fr\/#organization\",\"name\":\"SAR Solidarity &amp; Resistance Camp\",\"url\":\"https:\/\/sar-camp.wtf\/fr\/\",\"logo\":{\"@type\":\"ImageObject\",\"inLanguage\":\"fr-FR\",\"@id\":\"https:\/\/sar-camp.wtf\/fr\/#\/schema\/logo\/image\/\",\"url\":\"https:\/\/sar-camp.wtf\/wp-content\/uploads\/2025\/04\/sar-logo-w-text.png\",\"contentUrl\":\"https:\/\/sar-camp.wtf\/wp-content\/uploads\/2025\/04\/sar-logo-w-text.png\",\"width\":2485,\"height\":1560,\"caption\":\"SAR Solidarity &amp; Resistance Camp\"},\"image\":{\"@id\":\"https:\/\/sar-camp.wtf\/fr\/#\/schema\/logo\/image\/\"}}]}<\/script>\n<!-- \/ Yoast SEO plugin. -->","yoast_head_json":{"title":"Statement - SAR Solidarity &amp; Resistance Camp","robots":{"index":"index","follow":"follow","max-snippet":"max-snippet:-1","max-image-preview":"max-image-preview:large","max-video-preview":"max-video-preview:-1"},"canonical":"https:\/\/sar-camp.wtf\/fr\/concept-de-garde-denfants\/","og_locale":"fr_FR","og_type":"article","og_title":"Statement - SAR Solidarity &amp; Resistance Camp","og_description":"SAR Camp September 4\u20137, 2025 Ce camp est initi\u00e9 \u00e0 partir de la \u00ab bulle \u00bb du sauvetage en mer. Nous sommes conscients que notre perspective est ainsi limit\u00e9e : le groupe d\u2019organisation est majoritairement blanc, non handicap\u00e9 et multiple\u00adment privil\u00e9gi\u00e9. Nous savons donc que nous n\u2019int\u00e9grons pas automatiquement certaines exp\u00e9riences et certains besoins de ... Lire la suite","og_url":"https:\/\/sar-camp.wtf\/fr\/concept-de-garde-denfants\/","og_site_name":"SAR Solidarity &amp; Resistance Camp","article_modified_time":"2025-08-29T18:18:40+00:00","twitter_card":"summary_large_image","twitter_misc":{"Dur\u00e9e de lecture estim\u00e9e":"1 minute"},"schema":{"@context":"https:\/\/schema.org","@graph":[{"@type":"WebPage","@id":"https:\/\/sar-camp.wtf\/fr\/concept-de-garde-denfants\/","url":"https:\/\/sar-camp.wtf\/fr\/concept-de-garde-denfants\/","name":"Statement - SAR Solidarity &amp; Resistance Camp","isPartOf":{"@id":"https:\/\/sar-camp.wtf\/fr\/#website"},"datePublished":"2025-08-29T18:13:01+00:00","dateModified":"2025-08-29T18:18:40+00:00","breadcrumb":{"@id":"https:\/\/sar-camp.wtf\/fr\/concept-de-garde-denfants\/#breadcrumb"},"inLanguage":"fr-FR","potentialAction":[{"@type":"ReadAction","target":["https:\/\/sar-camp.wtf\/fr\/concept-de-garde-denfants\/"]}]},{"@type":"BreadcrumbList","@id":"https:\/\/sar-camp.wtf\/fr\/concept-de-garde-denfants\/#breadcrumb","itemListElement":[{"@type":"ListItem","position":1,"name":"Startseite","item":"https:\/\/sar-camp.wtf\/fr\/"},{"@type":"ListItem","position":2,"name":"Statement"}]},{"@type":"WebSite","@id":"https:\/\/sar-camp.wtf\/fr\/#website","url":"https:\/\/sar-camp.wtf\/fr\/","name":"SAR Solidarity &amp; Resistance Camp","description":"10 Years of Solidarity &amp; Resistance - Search &amp; Rescue","publisher":{"@id":"https:\/\/sar-camp.wtf\/fr\/#organization"},"potentialAction":[{"@type":"SearchAction","target":{"@type":"EntryPoint","urlTemplate":"https:\/\/sar-camp.wtf\/fr\/?s={search_term_string}"},"query-input":{"@type":"PropertyValueSpecification","valueRequired":true,"valueName":"search_term_string"}}],"inLanguage":"fr-FR"},{"@type":"Organization","@id":"https:\/\/sar-camp.wtf\/fr\/#organization","name":"SAR Solidarity &amp; Resistance Camp","url":"https:\/\/sar-camp.wtf\/fr\/","logo":{"@type":"ImageObject","inLanguage":"fr-FR","@id":"https:\/\/sar-camp.wtf\/fr\/#\/schema\/logo\/image\/","url":"https:\/\/sar-camp.wtf\/wp-content\/uploads\/2025\/04\/sar-logo-w-text.png","contentUrl":"https:\/\/sar-camp.wtf\/wp-content\/uploads\/2025\/04\/sar-logo-w-text.png","width":2485,"height":1560,"caption":"SAR Solidarity &amp; Resistance Camp"},"image":{"@id":"https:\/\/sar-camp.wtf\/fr\/#\/schema\/logo\/image\/"}}]}},"_links":{"self":[{"href":"https:\/\/sar-camp.wtf\/fr\/wp-json\/wp\/v2\/pages\/1327","targetHints":{"allow":["GET"]}}],"collection":[{"href":"https:\/\/sar-camp.wtf\/fr\/wp-json\/wp\/v2\/pages"}],"about":[{"href":"https:\/\/sar-camp.wtf\/fr\/wp-json\/wp\/v2\/types\/page"}],"author":[{"embeddable":true,"href":"https:\/\/sar-camp.wtf\/fr\/wp-json\/wp\/v2\/users\/1"}],"replies":[{"embeddable":true,"href":"https:\/\/sar-camp.wtf\/fr\/wp-json\/wp\/v2\/comments?post=1327"}],"version-history":[{"count":5,"href":"https:\/\/sar-camp.wtf\/fr\/wp-json\/wp\/v2\/pages\/1327\/revisions"}],"predecessor-version":[{"id":1348,"href":"https:\/\/sar-camp.wtf\/fr\/wp-json\/wp\/v2\/pages\/1327\/revisions\/1348"}],"wp:attachment":[{"href":"https:\/\/sar-camp.wtf\/fr\/wp-json\/wp\/v2\/media?parent=1327"}],"curies":[{"name":"wp","href":"https:\/\/api.w.org\/{rel}","templated":true}]}}

<div class="gb-element-0ef186e7 alignfull">
<!--Waves Container-->
<div>
<svg xmlns="http://www.w3.org/2000/svg" xmlns:xlink="http://www.w3.org/1999/xlink" class="waves" viewbox="0 24 150 28" preserveaspectratio="none" shape-rendering="auto">
<defs>
<path id="gentle-wave" d="M-160 44c30 0 58-18 88-18s 58 18 88 18 58-18 88-18 58 18 88 18 v44h-352z"></path>
</defs>
<g class="parallax">
<use xlink:href="#gentle-wave" x="48" y="0" fill="rgba(255,255,255,0.7"></use>
<use xlink:href="#gentle-wave" x="48" y="3" fill="rgba(255,255,255,0.5)"></use>
<use xlink:href="#gentle-wave" x="48" y="5" fill="rgba(255,255,255,0.3)"></use>
<use xlink:href="#gentle-wave" x="48" y="7" fill="#fff"></use>
</g>
</svg>
</div>
<!--Waves end-->
</div>

<div class="gb-element-58f1432b alignfull">
<div class="gb-element-0b206c7b regular-width">
<p class="has-main-2-color has-text-color has-link-color wp-elements-d70d4c0690b51315a483f7b52fb57c20" style="font-size:30px"><strong>SAR Camp September 4–7, 2025</strong></p>



<p>Ce camp est initié à partir de la « bulle » du sauvetage en mer. Nous sommes conscients que notre perspective est ainsi limitée : le groupe d’organisation est majoritairement blanc, non handicapé et multiple­ment privilégié. Nous savons donc que nous n’intégrons pas automatiquement certaines expériences et certains besoins de personnes concernées par le racisme, le colonialisme, le validisme, la violence aux frontières et d’autres formes d’oppression.  </p>



<p>Nous considérons la lutte contre le régime frontalier blanc et européen comme notre responsabilité. Nous voyons comme notre tâche de ne pas seulement critiquer ces systèmes sur le plan théorique, mais de les remettre concrètement en question dans notre travail et dans la conception du camp, et de créer des espaces aussi inclusifs et accessibles que possible. </p>



<p>Nous considérons les critiques et les retours comme une base essentielle pour améliorer notre travail et construire des espaces inclusifs. Si vous avez des idées, des remarques ou des suggestions sur la manière dont nous pouvons rendre le camp plus sûr et plus accessible, merci de vous adresser directement à nous : soit par mail, soit en personne sur place, soit anonymement via notre boîte à retours au camp.   </p>



<div style="height:151px" aria-hidden="true" class="wp-block-spacer"></div>
</div>
</div>

<p>SAR Camp September 4–7, 2025 Ce camp est initié à partir de la « bulle » du sauvetage en mer. Nous sommes conscients que notre perspective est ainsi limitée : le groupe d’organisation est majoritairement blanc, non handicapé et multiple­ment privilégié. Nous savons donc que nous n’intégrons pas automatiquement certaines expériences et certains besoins de &#8230; <a title="Statement" class="read-more" href="https://sar-camp.wtf/fr/concept-de-garde-denfants/" aria-label="En savoir plus sur Statement">Lire la suite</a></p>

<!-- This site is optimized with the Yoast SEO plugin v26.1.1 - https://yoast.com/wordpress/plugins/seo/ -->
<title>Statement - SAR Solidarity &amp; Resistance Camp</title>
<meta name="robots" content="index, follow, max-snippet:-1, max-image-preview:large, max-video-preview:-1" />
<link rel="canonical" href="https://sar-camp.wtf/fr/concept-de-garde-denfants/" />
<meta property="og:locale" content="fr_FR" />
<meta property="og:type" content="article" />
<meta property="og:title" content="Statement - SAR Solidarity &amp; Resistance Camp" />
<meta property="og:description" content="SAR Camp September 4–7, 2025 Ce camp est initié à partir de la « bulle » du sauvetage en mer. Nous sommes conscients que notre perspective est ainsi limitée : le groupe d’organisation est majoritairement blanc, non handicapé et multiple­ment privilégié. Nous savons donc que nous n’intégrons pas automatiquement certaines expériences et certains besoins de ... Lire la suite" />
<meta property="og:url" content="https://sar-camp.wtf/fr/concept-de-garde-denfants/" />
<meta property="og:site_name" content="SAR Solidarity &amp; Resistance Camp" />
<meta property="article:modified_time" content="2025-08-29T18:18:40+00:00" />
<meta name="twitter:card" content="summary_large_image" />
<meta name="twitter:label1" content="Durée de lecture estimée" />
	<meta name="twitter:data1" content="1 minute" />
<script type="application/ld+json" class="yoast-schema-graph">{"@context":"https://schema.org","@graph":[{"@type":"WebPage","@id":"https://sar-camp.wtf/fr/concept-de-garde-denfants/","url":"https://sar-camp.wtf/fr/concept-de-garde-denfants/","name":"Statement - SAR Solidarity &amp; Resistance Camp","isPartOf":{"@id":"https://sar-camp.wtf/fr/#website"},"datePublished":"2025-08-29T18:13:01+00:00","dateModified":"2025-08-29T18:18:40+00:00","breadcrumb":{"@id":"https://sar-camp.wtf/fr/concept-de-garde-denfants/#breadcrumb"},"inLanguage":"fr-FR","potentialAction":[{"@type":"ReadAction","target":["https://sar-camp.wtf/fr/concept-de-garde-denfants/"]}]},{"@type":"BreadcrumbList","@id":"https://sar-camp.wtf/fr/concept-de-garde-denfants/#breadcrumb","itemListElement":[{"@type":"ListItem","position":1,"name":"Startseite","item":"https://sar-camp.wtf/fr/"},{"@type":"ListItem","position":2,"name":"Statement"}]},{"@type":"WebSite","@id":"https://sar-camp.wtf/fr/#website","url":"https://sar-camp.wtf/fr/","name":"SAR Solidarity &amp; Resistance Camp","description":"10 Years of Solidarity &amp; Resistance - Search &amp; Rescue","publisher":{"@id":"https://sar-camp.wtf/fr/#organization"},"potentialAction":[{"@type":"SearchAction","target":{"@type":"EntryPoint","urlTemplate":"https://sar-camp.wtf/fr/?s={search_term_string}"},"query-input":{"@type":"PropertyValueSpecification","valueRequired":true,"valueName":"search_term_string"}}],"inLanguage":"fr-FR"},{"@type":"Organization","@id":"https://sar-camp.wtf/fr/#organization","name":"SAR Solidarity &amp; Resistance Camp","url":"https://sar-camp.wtf/fr/","logo":{"@type":"ImageObject","inLanguage":"fr-FR","@id":"https://sar-camp.wtf/fr/#/schema/logo/image/","url":"https://sar-camp.wtf/wp-content/uploads/2025/04/sar-logo-w-text.png","contentUrl":"https://sar-camp.wtf/wp-content/uploads/2025/04/sar-logo-w-text.png","width":2485,"height":1560,"caption":"SAR Solidarity &amp; Resistance Camp"},"image":{"@id":"https://sar-camp.wtf/fr/#/schema/logo/image/"}}]}</script>
<!-- / Yoast SEO plugin. -->

SAR Camp September 4–7, 2025 Ce camp est initié à partir de la « bulle » du sauvetage en mer. Nous sommes conscients que notre perspective est ainsi limitée : le groupe d’organisation est majoritairement blanc, non handicapé et multiple­ment privilégié. Nous savons donc que nous n’intégrons pas automatiquement certaines expériences et certains besoins de ... Lire la suite
