{"version":"1.0","provider_name":"SAR Solidarity &amp; Resistance Camp","provider_url":"https:\/\/sar-camp.wtf\/fr\/","author_name":"sarcampwtf","author_url":"https:\/\/sar-camp.wtf\/fr\/author\/sarcampwtf\/","title":"Concept de garde d'enfants - SAR Solidarity &amp; Resistance Camp","type":"rich","width":600,"height":338,"html":"<blockquote class=\"wp-embedded-content\" data-secret=\"DBI6aCm9Nw\"><a href=\"https:\/\/sar-camp.wtf\/fr\/accessibilite-et-sensibilisation\/\">Concept de garde d&rsquo;enfants<\/a><\/blockquote><iframe sandbox=\"allow-scripts\" security=\"restricted\" src=\"https:\/\/sar-camp.wtf\/fr\/accessibilite-et-sensibilisation\/embed\/#?secret=DBI6aCm9Nw\" width=\"600\" height=\"338\" title=\"\u00ab\u00a0Concept de garde d&rsquo;enfants\u00a0\u00bb &#8212; SAR Solidarity &amp; Resistance Camp\" data-secret=\"DBI6aCm9Nw\" frameborder=\"0\" marginwidth=\"0\" marginheight=\"0\" scrolling=\"no\" class=\"wp-embedded-content\"><\/iframe><script>\n\/*! This file is auto-generated *\/\n!function(d,l){\"use strict\";l.querySelector&&d.addEventListener&&\"undefined\"!=typeof URL&&(d.wp=d.wp||{},d.wp.receiveEmbedMessage||(d.wp.receiveEmbedMessage=function(e){var t=e.data;if((t||t.secret||t.message||t.value)&&!\/[^a-zA-Z0-9]\/.test(t.secret)){for(var s,r,n,a=l.querySelectorAll('iframe[data-secret=\"'+t.secret+'\"]'),o=l.querySelectorAll('blockquote[data-secret=\"'+t.secret+'\"]'),c=new RegExp(\"^https?:$\",\"i\"),i=0;i<o.length;i++)o[i].style.display=\"none\";for(i=0;i<a.length;i++)s=a[i],e.source===s.contentWindow&&(s.removeAttribute(\"style\"),\"height\"===t.message?(1e3<(r=parseInt(t.value,10))?r=1e3:~~r<200&&(r=200),s.height=r):\"link\"===t.message&&(r=new URL(s.getAttribute(\"src\")),n=new URL(t.value),c.test(n.protocol))&&n.host===r.host&&l.activeElement===s&&(d.top.location.href=t.value))}},d.addEventListener(\"message\",d.wp.receiveEmbedMessage,!1),l.addEventListener(\"DOMContentLoaded\",function(){for(var e,t,s=l.querySelectorAll(\"iframe.wp-embedded-content\"),r=0;r<s.length;r++)(t=(e=s[r]).getAttribute(\"data-secret\"))||(t=Math.random().toString(36).substring(2,12),e.src+=\"#?secret=\"+t,e.setAttribute(\"data-secret\",t)),e.contentWindow.postMessage({message:\"ready\",secret:t},\"*\")},!1)))}(window,document);\n\/\/# sourceURL=https:\/\/sar-camp.wtf\/wp-includes\/js\/wp-embed.min.js\n<\/script>\n","description":"Concept de garde d&rsquo;enfants SAR Camp September 4\u20137, 2025 Chers parents et tuteurs, Une garderie sera disponible dans notre camp. Voici quelques informations sur ce que nous proposons. QUAND Nous proposons un service de garde pendant la journ\u00e9e, pendant toute la dur\u00e9e du programme (de 10 h 30 \u00e0 13 h et de 15 h ... Lire la suite"}

Concept de garde d&rsquo;enfants SAR Camp September 4–7, 2025 Chers parents et tuteurs, Une garderie sera disponible dans notre camp. Voici quelques informations sur ce que nous proposons. QUAND Nous proposons un service de garde pendant la journée, pendant toute la durée du programme (de 10 h 30 à 13 h et de 15 h ... Lire la suite
