{"version":"1.0","provider_name":"SAR Solidarity &amp; Resistance Camp","provider_url":"https:\/\/sar-camp.wtf\/fr\/","author_name":"Alexandra Reichart","author_url":"https:\/\/sar-camp.wtf\/fr\/author\/alex\/","title":"Accueil - SAR Solidarity &amp; Resistance Camp","type":"rich","width":600,"height":338,"html":"<blockquote class=\"wp-embedded-content\" data-secret=\"XfLEq09Hqi\"><a href=\"https:\/\/sar-camp.wtf\/fr\/\">Accueil<\/a><\/blockquote><iframe sandbox=\"allow-scripts\" security=\"restricted\" src=\"https:\/\/sar-camp.wtf\/fr\/embed\/#?secret=XfLEq09Hqi\" width=\"600\" height=\"338\" title=\"\u00ab\u00a0Accueil\u00a0\u00bb &#8212; SAR Solidarity &amp; Resistance Camp\" data-secret=\"XfLEq09Hqi\" frameborder=\"0\" marginwidth=\"0\" marginheight=\"0\" scrolling=\"no\" class=\"wp-embedded-content\"><\/iframe><script>\n\/*! This file is auto-generated *\/\n!function(d,l){\"use strict\";l.querySelector&&d.addEventListener&&\"undefined\"!=typeof URL&&(d.wp=d.wp||{},d.wp.receiveEmbedMessage||(d.wp.receiveEmbedMessage=function(e){var t=e.data;if((t||t.secret||t.message||t.value)&&!\/[^a-zA-Z0-9]\/.test(t.secret)){for(var s,r,n,a=l.querySelectorAll('iframe[data-secret=\"'+t.secret+'\"]'),o=l.querySelectorAll('blockquote[data-secret=\"'+t.secret+'\"]'),c=new RegExp(\"^https?:$\",\"i\"),i=0;i<o.length;i++)o[i].style.display=\"none\";for(i=0;i<a.length;i++)s=a[i],e.source===s.contentWindow&&(s.removeAttribute(\"style\"),\"height\"===t.message?(1e3<(r=parseInt(t.value,10))?r=1e3:~~r<200&&(r=200),s.height=r):\"link\"===t.message&&(r=new URL(s.getAttribute(\"src\")),n=new URL(t.value),c.test(n.protocol))&&n.host===r.host&&l.activeElement===s&&(d.top.location.href=t.value))}},d.addEventListener(\"message\",d.wp.receiveEmbedMessage,!1),l.addEventListener(\"DOMContentLoaded\",function(){for(var e,t,s=l.querySelectorAll(\"iframe.wp-embedded-content\"),r=0;r<s.length;r++)(t=(e=s[r]).getAttribute(\"data-secret\"))||(t=Math.random().toString(36).substring(2,12),e.src+=\"#?secret=\"+t,e.setAttribute(\"data-secret\",t)),e.contentWindow.postMessage({message:\"ready\",secret:t},\"*\")},!1)))}(window,document);\n\/\/# sourceURL=https:\/\/sar-camp.wtf\/wp-includes\/js\/wp-embed.min.js\n<\/script>\n","thumbnail_url":"https:\/\/sar-camp.wtf\/wp-content\/uploads\/2025\/04\/sar-logo-w-text.png","thumbnail_width":2485,"thumbnail_height":1560,"description":"Un camp pour les militants engag\u00e9s dans le sauvetage en mer, l'exil, l'abolition des fronti\u00e8res, la d\u00e9colonisation et la migration. Nous invitons les militants et leurs alli\u00e9s \u00e0 partager leurs exp\u00e9riences, r\u00e9fl\u00e9chir \u00e0 nos strat\u00e9gies politiques, apprendre les uns des autres et fa\u00e7onner le prochain chapitre de ce mouvement."}

Un camp pour les militants engagés dans le sauvetage en mer, l'exil, l'abolition des frontières, la décolonisation et la migration. Nous invitons les militants et leurs alliés à partager leurs expériences, réfléchir à nos stratégies politiques, apprendre les uns des autres et façonner le prochain chapitre de ce mouvement.
