{"id":1330,"date":"2025-08-29T18:13:01","date_gmt":"2025-08-29T18:13:01","guid":{"rendered":"https:\/\/sar-camp.wtf\/?page_id=1330"},"modified":"2025-08-29T18:21:22","modified_gmt":"2025-08-29T18:21:22","slug":"concepto-de-cuidado-infantil","status":"publish","type":"page","link":"https:\/\/sar-camp.wtf\/es\/concepto-de-cuidado-infantil\/","title":{"rendered":"Statement"},"content":{"rendered":"\n<div class=\"gb-element-0ef186e7 alignfull\">\n<!--Waves Container-->\n<div>\n<svg xmlns=\"http:\/\/www.w3.org\/2000\/svg\" xmlns:xlink=\"http:\/\/www.w3.org\/1999\/xlink\" class=\"waves\" viewbox=\"0 24 150 28\" preserveaspectratio=\"none\" shape-rendering=\"auto\">\n<defs>\n<path id=\"gentle-wave\" d=\"M-160 44c30 0 58-18 88-18s 58 18 88 18 58-18 88-18 58 18 88 18 v44h-352z\"><\/path>\n<\/defs>\n<g class=\"parallax\">\n<use xlink:href=\"#gentle-wave\" x=\"48\" y=\"0\" fill=\"rgba(255,255,255,0.7\"><\/use>\n<use xlink:href=\"#gentle-wave\" x=\"48\" y=\"3\" fill=\"rgba(255,255,255,0.5)\"><\/use>\n<use xlink:href=\"#gentle-wave\" x=\"48\" y=\"5\" fill=\"rgba(255,255,255,0.3)\"><\/use>\n<use xlink:href=\"#gentle-wave\" x=\"48\" y=\"7\" fill=\"#fff\"><\/use>\n<\/g>\n<\/svg>\n<\/div>\n<!--Waves end-->\n<\/div>\n\n<div class=\"gb-element-58f1432b alignfull\">\n<div class=\"gb-element-0b206c7b regular-width\">\n<p class=\"has-main-2-color has-text-color has-link-color wp-elements-c0e882c2b9fab36afe76d5ee11aa5d4b\" style=\"font-size:30px\"><strong>Statement &#8211; SAR Camp September 4\u20137, 2025<\/strong><\/p>\n\n\n\n<p>Este campamento se inicia desde la \u201cburbuja\u201d del rescate mar\u00edtimo. Somos conscientes de que nuestra perspectiva est\u00e1 limitada: el grupo organizador es mayoritariamente blanco, no discapacitado y con m\u00faltiples privilegios. Sabemos que, por ello, no incluimos de forma autom\u00e1tica ciertas experiencias y necesidades de personas afectadas por el racismo, el colonialismo, el capacitismo, la violencia fronteriza y otras formas de opresi\u00f3n.  <\/p>\n\n\n\n<p>Entendemos la lucha contra el r\u00e9gimen fronterizo blanco y europeo como nuestra responsabilidad. Consideramos nuestra tarea no solo criticar estos sistemas a nivel te\u00f3rico, sino tambi\u00e9n cuestionarlos de manera concreta en nuestro trabajo y en la organizaci\u00f3n del campamento, creando espacios lo m\u00e1s inclusivos y accesibles posible. <\/p>\n\n\n\n<p>Entendemos las cr\u00edticas y los comentarios como una base central para mejorar nuestro trabajo y construir espacios inclusivos. Si ten\u00e9is ideas, observaciones o sugerencias sobre c\u00f3mo podemos hacer el campamento m\u00e1s seguro y accesible, por favor dirig\u00edos directamente a nosotrxs: ya sea por correo electr\u00f3nico, en persona en el lugar o de forma an\u00f3nima a trav\u00e9s de nuestra caja de comentarios en el campamento.   <\/p>\n\n\n\n<div style=\"height:151px\" aria-hidden=\"true\" class=\"wp-block-spacer\"><\/div>\n<\/div>\n<\/div>\n","protected":false},"excerpt":{"rendered":"<p>Statement &#8211; SAR Camp September 4\u20137, 2025 Este campamento se inicia desde la \u201cburbuja\u201d del rescate mar\u00edtimo. Somos conscientes de que nuestra perspectiva est\u00e1 limitada: el grupo organizador es mayoritariamente blanco, no discapacitado y con m\u00faltiples privilegios. Sabemos que, por ello, no incluimos de forma autom\u00e1tica ciertas experiencias y necesidades de personas afectadas por el &#8230; <a title=\"Statement\" class=\"read-more\" href=\"https:\/\/sar-camp.wtf\/es\/concepto-de-cuidado-infantil\/\" aria-label=\"Leer m\u00e1s sobre Statement\">Leer m\u00e1s<\/a><\/p>\n","protected":false},"author":1,"featured_media":0,"parent":0,"menu_order":0,"comment_status":"closed","ping_status":"closed","template":"","meta":{"inline_featured_image":false,"footnotes":""},"class_list":["post-1330","page","type-page","status-publish"],"yoast_head":"<!-- This site is optimized with the Yoast SEO plugin v26.1.1 - https:\/\/yoast.com\/wordpress\/plugins\/seo\/ -->\n<title>Statement - SAR Solidarity &amp; Resistance Camp<\/title>\n<meta name=\"robots\" content=\"index, follow, max-snippet:-1, max-image-preview:large, max-video-preview:-1\" \/>\n<link rel=\"canonical\" href=\"https:\/\/sar-camp.wtf\/es\/concepto-de-cuidado-infantil\/\" \/>\n<meta property=\"og:locale\" content=\"es_ES\" \/>\n<meta property=\"og:type\" content=\"article\" \/>\n<meta property=\"og:title\" content=\"Statement - SAR Solidarity &amp; Resistance Camp\" \/>\n<meta property=\"og:description\" content=\"Statement &#8211; SAR Camp September 4\u20137, 2025 Este campamento se inicia desde la \u201cburbuja\u201d del rescate mar\u00edtimo. Somos conscientes de que nuestra perspectiva est\u00e1 limitada: el grupo organizador es mayoritariamente blanco, no discapacitado y con m\u00faltiples privilegios. Sabemos que, por ello, no incluimos de forma autom\u00e1tica ciertas experiencias y necesidades de personas afectadas por el ... Leer m\u00e1s\" \/>\n<meta property=\"og:url\" content=\"https:\/\/sar-camp.wtf\/es\/concepto-de-cuidado-infantil\/\" \/>\n<meta property=\"og:site_name\" content=\"SAR Solidarity &amp; Resistance Camp\" \/>\n<meta property=\"article:modified_time\" content=\"2025-08-29T18:21:22+00:00\" \/>\n<meta name=\"twitter:card\" content=\"summary_large_image\" \/>\n<meta name=\"twitter:label1\" content=\"Tiempo de lectura\" \/>\n\t<meta name=\"twitter:data1\" content=\"1 minuto\" \/>\n<script type=\"application\/ld+json\" class=\"yoast-schema-graph\">{\"@context\":\"https:\/\/schema.org\",\"@graph\":[{\"@type\":\"WebPage\",\"@id\":\"https:\/\/sar-camp.wtf\/es\/concepto-de-cuidado-infantil\/\",\"url\":\"https:\/\/sar-camp.wtf\/es\/concepto-de-cuidado-infantil\/\",\"name\":\"Statement - SAR Solidarity &amp; Resistance Camp\",\"isPartOf\":{\"@id\":\"https:\/\/sar-camp.wtf\/es\/#website\"},\"datePublished\":\"2025-08-29T18:13:01+00:00\",\"dateModified\":\"2025-08-29T18:21:22+00:00\",\"breadcrumb\":{\"@id\":\"https:\/\/sar-camp.wtf\/es\/concepto-de-cuidado-infantil\/#breadcrumb\"},\"inLanguage\":\"es\",\"potentialAction\":[{\"@type\":\"ReadAction\",\"target\":[\"https:\/\/sar-camp.wtf\/es\/concepto-de-cuidado-infantil\/\"]}]},{\"@type\":\"BreadcrumbList\",\"@id\":\"https:\/\/sar-camp.wtf\/es\/concepto-de-cuidado-infantil\/#breadcrumb\",\"itemListElement\":[{\"@type\":\"ListItem\",\"position\":1,\"name\":\"Startseite\",\"item\":\"https:\/\/sar-camp.wtf\/es\/\"},{\"@type\":\"ListItem\",\"position\":2,\"name\":\"Statement\"}]},{\"@type\":\"WebSite\",\"@id\":\"https:\/\/sar-camp.wtf\/es\/#website\",\"url\":\"https:\/\/sar-camp.wtf\/es\/\",\"name\":\"SAR Solidarity &amp; Resistance Camp\",\"description\":\"10 Years of Solidarity &amp; Resistance - Search &amp; Rescue\",\"publisher\":{\"@id\":\"https:\/\/sar-camp.wtf\/es\/#organization\"},\"potentialAction\":[{\"@type\":\"SearchAction\",\"target\":{\"@type\":\"EntryPoint\",\"urlTemplate\":\"https:\/\/sar-camp.wtf\/es\/?s={search_term_string}\"},\"query-input\":{\"@type\":\"PropertyValueSpecification\",\"valueRequired\":true,\"valueName\":\"search_term_string\"}}],\"inLanguage\":\"es\"},{\"@type\":\"Organization\",\"@id\":\"https:\/\/sar-camp.wtf\/es\/#organization\",\"name\":\"SAR Solidarity &amp; Resistance Camp\",\"url\":\"https:\/\/sar-camp.wtf\/es\/\",\"logo\":{\"@type\":\"ImageObject\",\"inLanguage\":\"es\",\"@id\":\"https:\/\/sar-camp.wtf\/es\/#\/schema\/logo\/image\/\",\"url\":\"https:\/\/sar-camp.wtf\/wp-content\/uploads\/2025\/04\/sar-logo-w-text.png\",\"contentUrl\":\"https:\/\/sar-camp.wtf\/wp-content\/uploads\/2025\/04\/sar-logo-w-text.png\",\"width\":2485,\"height\":1560,\"caption\":\"SAR Solidarity &amp; Resistance Camp\"},\"image\":{\"@id\":\"https:\/\/sar-camp.wtf\/es\/#\/schema\/logo\/image\/\"}}]}<\/script>\n<!-- \/ Yoast SEO plugin. -->","yoast_head_json":{"title":"Statement - SAR Solidarity &amp; Resistance Camp","robots":{"index":"index","follow":"follow","max-snippet":"max-snippet:-1","max-image-preview":"max-image-preview:large","max-video-preview":"max-video-preview:-1"},"canonical":"https:\/\/sar-camp.wtf\/es\/concepto-de-cuidado-infantil\/","og_locale":"es_ES","og_type":"article","og_title":"Statement - SAR Solidarity &amp; Resistance Camp","og_description":"Statement &#8211; SAR Camp September 4\u20137, 2025 Este campamento se inicia desde la \u201cburbuja\u201d del rescate mar\u00edtimo. Somos conscientes de que nuestra perspectiva est\u00e1 limitada: el grupo organizador es mayoritariamente blanco, no discapacitado y con m\u00faltiples privilegios. Sabemos que, por ello, no incluimos de forma autom\u00e1tica ciertas experiencias y necesidades de personas afectadas por el ... Leer m\u00e1s","og_url":"https:\/\/sar-camp.wtf\/es\/concepto-de-cuidado-infantil\/","og_site_name":"SAR Solidarity &amp; Resistance Camp","article_modified_time":"2025-08-29T18:21:22+00:00","twitter_card":"summary_large_image","twitter_misc":{"Tiempo de lectura":"1 minuto"},"schema":{"@context":"https:\/\/schema.org","@graph":[{"@type":"WebPage","@id":"https:\/\/sar-camp.wtf\/es\/concepto-de-cuidado-infantil\/","url":"https:\/\/sar-camp.wtf\/es\/concepto-de-cuidado-infantil\/","name":"Statement - SAR Solidarity &amp; Resistance Camp","isPartOf":{"@id":"https:\/\/sar-camp.wtf\/es\/#website"},"datePublished":"2025-08-29T18:13:01+00:00","dateModified":"2025-08-29T18:21:22+00:00","breadcrumb":{"@id":"https:\/\/sar-camp.wtf\/es\/concepto-de-cuidado-infantil\/#breadcrumb"},"inLanguage":"es","potentialAction":[{"@type":"ReadAction","target":["https:\/\/sar-camp.wtf\/es\/concepto-de-cuidado-infantil\/"]}]},{"@type":"BreadcrumbList","@id":"https:\/\/sar-camp.wtf\/es\/concepto-de-cuidado-infantil\/#breadcrumb","itemListElement":[{"@type":"ListItem","position":1,"name":"Startseite","item":"https:\/\/sar-camp.wtf\/es\/"},{"@type":"ListItem","position":2,"name":"Statement"}]},{"@type":"WebSite","@id":"https:\/\/sar-camp.wtf\/es\/#website","url":"https:\/\/sar-camp.wtf\/es\/","name":"SAR Solidarity &amp; Resistance Camp","description":"10 Years of Solidarity &amp; Resistance - Search &amp; Rescue","publisher":{"@id":"https:\/\/sar-camp.wtf\/es\/#organization"},"potentialAction":[{"@type":"SearchAction","target":{"@type":"EntryPoint","urlTemplate":"https:\/\/sar-camp.wtf\/es\/?s={search_term_string}"},"query-input":{"@type":"PropertyValueSpecification","valueRequired":true,"valueName":"search_term_string"}}],"inLanguage":"es"},{"@type":"Organization","@id":"https:\/\/sar-camp.wtf\/es\/#organization","name":"SAR Solidarity &amp; Resistance Camp","url":"https:\/\/sar-camp.wtf\/es\/","logo":{"@type":"ImageObject","inLanguage":"es","@id":"https:\/\/sar-camp.wtf\/es\/#\/schema\/logo\/image\/","url":"https:\/\/sar-camp.wtf\/wp-content\/uploads\/2025\/04\/sar-logo-w-text.png","contentUrl":"https:\/\/sar-camp.wtf\/wp-content\/uploads\/2025\/04\/sar-logo-w-text.png","width":2485,"height":1560,"caption":"SAR Solidarity &amp; Resistance Camp"},"image":{"@id":"https:\/\/sar-camp.wtf\/es\/#\/schema\/logo\/image\/"}}]}},"_links":{"self":[{"href":"https:\/\/sar-camp.wtf\/es\/wp-json\/wp\/v2\/pages\/1330","targetHints":{"allow":["GET"]}}],"collection":[{"href":"https:\/\/sar-camp.wtf\/es\/wp-json\/wp\/v2\/pages"}],"about":[{"href":"https:\/\/sar-camp.wtf\/es\/wp-json\/wp\/v2\/types\/page"}],"author":[{"embeddable":true,"href":"https:\/\/sar-camp.wtf\/es\/wp-json\/wp\/v2\/users\/1"}],"replies":[{"embeddable":true,"href":"https:\/\/sar-camp.wtf\/es\/wp-json\/wp\/v2\/comments?post=1330"}],"version-history":[{"count":3,"href":"https:\/\/sar-camp.wtf\/es\/wp-json\/wp\/v2\/pages\/1330\/revisions"}],"predecessor-version":[{"id":1354,"href":"https:\/\/sar-camp.wtf\/es\/wp-json\/wp\/v2\/pages\/1330\/revisions\/1354"}],"wp:attachment":[{"href":"https:\/\/sar-camp.wtf\/es\/wp-json\/wp\/v2\/media?parent=1330"}],"curies":[{"name":"wp","href":"https:\/\/api.w.org\/{rel}","templated":true}]}}

<div class="gb-element-0ef186e7 alignfull">
<!--Waves Container-->
<div>
<svg xmlns="http://www.w3.org/2000/svg" xmlns:xlink="http://www.w3.org/1999/xlink" class="waves" viewbox="0 24 150 28" preserveaspectratio="none" shape-rendering="auto">
<defs>
<path id="gentle-wave" d="M-160 44c30 0 58-18 88-18s 58 18 88 18 58-18 88-18 58 18 88 18 v44h-352z"></path>
</defs>
<g class="parallax">
<use xlink:href="#gentle-wave" x="48" y="0" fill="rgba(255,255,255,0.7"></use>
<use xlink:href="#gentle-wave" x="48" y="3" fill="rgba(255,255,255,0.5)"></use>
<use xlink:href="#gentle-wave" x="48" y="5" fill="rgba(255,255,255,0.3)"></use>
<use xlink:href="#gentle-wave" x="48" y="7" fill="#fff"></use>
</g>
</svg>
</div>
<!--Waves end-->
</div>

<div class="gb-element-58f1432b alignfull">
<div class="gb-element-0b206c7b regular-width">
<p class="has-main-2-color has-text-color has-link-color wp-elements-c0e882c2b9fab36afe76d5ee11aa5d4b" style="font-size:30px"><strong>Statement &#8211; SAR Camp September 4–7, 2025</strong></p>



<p>Este campamento se inicia desde la “burbuja” del rescate marítimo. Somos conscientes de que nuestra perspectiva está limitada: el grupo organizador es mayoritariamente blanco, no discapacitado y con múltiples privilegios. Sabemos que, por ello, no incluimos de forma automática ciertas experiencias y necesidades de personas afectadas por el racismo, el colonialismo, el capacitismo, la violencia fronteriza y otras formas de opresión.  </p>



<p>Entendemos la lucha contra el régimen fronterizo blanco y europeo como nuestra responsabilidad. Consideramos nuestra tarea no solo criticar estos sistemas a nivel teórico, sino también cuestionarlos de manera concreta en nuestro trabajo y en la organización del campamento, creando espacios lo más inclusivos y accesibles posible. </p>



<p>Entendemos las críticas y los comentarios como una base central para mejorar nuestro trabajo y construir espacios inclusivos. Si tenéis ideas, observaciones o sugerencias sobre cómo podemos hacer el campamento más seguro y accesible, por favor dirigíos directamente a nosotrxs: ya sea por correo electrónico, en persona en el lugar o de forma anónima a través de nuestra caja de comentarios en el campamento.   </p>



<div style="height:151px" aria-hidden="true" class="wp-block-spacer"></div>
</div>
</div>

<p>Statement &#8211; SAR Camp September 4–7, 2025 Este campamento se inicia desde la “burbuja” del rescate marítimo. Somos conscientes de que nuestra perspectiva está limitada: el grupo organizador es mayoritariamente blanco, no discapacitado y con múltiples privilegios. Sabemos que, por ello, no incluimos de forma automática ciertas experiencias y necesidades de personas afectadas por el &#8230; <a title="Statement" class="read-more" href="https://sar-camp.wtf/es/concepto-de-cuidado-infantil/" aria-label="Leer más sobre Statement">Leer más</a></p>

<!-- This site is optimized with the Yoast SEO plugin v26.1.1 - https://yoast.com/wordpress/plugins/seo/ -->
<title>Statement - SAR Solidarity &amp; Resistance Camp</title>
<meta name="robots" content="index, follow, max-snippet:-1, max-image-preview:large, max-video-preview:-1" />
<link rel="canonical" href="https://sar-camp.wtf/es/concepto-de-cuidado-infantil/" />
<meta property="og:locale" content="es_ES" />
<meta property="og:type" content="article" />
<meta property="og:title" content="Statement - SAR Solidarity &amp; Resistance Camp" />
<meta property="og:description" content="Statement &#8211; SAR Camp September 4–7, 2025 Este campamento se inicia desde la “burbuja” del rescate marítimo. Somos conscientes de que nuestra perspectiva está limitada: el grupo organizador es mayoritariamente blanco, no discapacitado y con múltiples privilegios. Sabemos que, por ello, no incluimos de forma automática ciertas experiencias y necesidades de personas afectadas por el ... Leer más" />
<meta property="og:url" content="https://sar-camp.wtf/es/concepto-de-cuidado-infantil/" />
<meta property="og:site_name" content="SAR Solidarity &amp; Resistance Camp" />
<meta property="article:modified_time" content="2025-08-29T18:21:22+00:00" />
<meta name="twitter:card" content="summary_large_image" />
<meta name="twitter:label1" content="Tiempo de lectura" />
	<meta name="twitter:data1" content="1 minuto" />
<script type="application/ld+json" class="yoast-schema-graph">{"@context":"https://schema.org","@graph":[{"@type":"WebPage","@id":"https://sar-camp.wtf/es/concepto-de-cuidado-infantil/","url":"https://sar-camp.wtf/es/concepto-de-cuidado-infantil/","name":"Statement - SAR Solidarity &amp; Resistance Camp","isPartOf":{"@id":"https://sar-camp.wtf/es/#website"},"datePublished":"2025-08-29T18:13:01+00:00","dateModified":"2025-08-29T18:21:22+00:00","breadcrumb":{"@id":"https://sar-camp.wtf/es/concepto-de-cuidado-infantil/#breadcrumb"},"inLanguage":"es","potentialAction":[{"@type":"ReadAction","target":["https://sar-camp.wtf/es/concepto-de-cuidado-infantil/"]}]},{"@type":"BreadcrumbList","@id":"https://sar-camp.wtf/es/concepto-de-cuidado-infantil/#breadcrumb","itemListElement":[{"@type":"ListItem","position":1,"name":"Startseite","item":"https://sar-camp.wtf/es/"},{"@type":"ListItem","position":2,"name":"Statement"}]},{"@type":"WebSite","@id":"https://sar-camp.wtf/es/#website","url":"https://sar-camp.wtf/es/","name":"SAR Solidarity &amp; Resistance Camp","description":"10 Years of Solidarity &amp; Resistance - Search &amp; Rescue","publisher":{"@id":"https://sar-camp.wtf/es/#organization"},"potentialAction":[{"@type":"SearchAction","target":{"@type":"EntryPoint","urlTemplate":"https://sar-camp.wtf/es/?s={search_term_string}"},"query-input":{"@type":"PropertyValueSpecification","valueRequired":true,"valueName":"search_term_string"}}],"inLanguage":"es"},{"@type":"Organization","@id":"https://sar-camp.wtf/es/#organization","name":"SAR Solidarity &amp; Resistance Camp","url":"https://sar-camp.wtf/es/","logo":{"@type":"ImageObject","inLanguage":"es","@id":"https://sar-camp.wtf/es/#/schema/logo/image/","url":"https://sar-camp.wtf/wp-content/uploads/2025/04/sar-logo-w-text.png","contentUrl":"https://sar-camp.wtf/wp-content/uploads/2025/04/sar-logo-w-text.png","width":2485,"height":1560,"caption":"SAR Solidarity &amp; Resistance Camp"},"image":{"@id":"https://sar-camp.wtf/es/#/schema/logo/image/"}}]}</script>
<!-- / Yoast SEO plugin. -->

Statement &#8211; SAR Camp September 4–7, 2025 Este campamento se inicia desde la “burbuja” del rescate marítimo. Somos conscientes de que nuestra perspectiva está limitada: el grupo organizador es mayoritariamente blanco, no discapacitado y con múltiples privilegios. Sabemos que, por ello, no incluimos de forma automática ciertas experiencias y necesidades de personas afectadas por el ... Leer más
