{"version":"1.0","provider_name":"SAR Solidarity &amp; Resistance Camp","provider_url":"https:\/\/sar-camp.wtf\/es\/","author_name":"sarcampwtf","author_url":"https:\/\/sar-camp.wtf\/es\/author\/sarcampwtf\/","title":"Concepto de cuidado infantil - SAR Solidarity &amp; Resistance Camp","type":"rich","width":600,"height":338,"html":"<blockquote class=\"wp-embedded-content\" data-secret=\"bPB3FZPc1g\"><a href=\"https:\/\/sar-camp.wtf\/es\/accesibilidad-y-sensibilizacion\/\">Concepto de cuidado infantil<\/a><\/blockquote><iframe sandbox=\"allow-scripts\" security=\"restricted\" src=\"https:\/\/sar-camp.wtf\/es\/accesibilidad-y-sensibilizacion\/embed\/#?secret=bPB3FZPc1g\" width=\"600\" height=\"338\" title=\"\u00abConcepto de cuidado infantil\u00bb \u2014 SAR Solidarity &amp; Resistance Camp\" data-secret=\"bPB3FZPc1g\" frameborder=\"0\" marginwidth=\"0\" marginheight=\"0\" scrolling=\"no\" class=\"wp-embedded-content\"><\/iframe><script>\n\/*! This file is auto-generated *\/\n!function(d,l){\"use strict\";l.querySelector&&d.addEventListener&&\"undefined\"!=typeof URL&&(d.wp=d.wp||{},d.wp.receiveEmbedMessage||(d.wp.receiveEmbedMessage=function(e){var t=e.data;if((t||t.secret||t.message||t.value)&&!\/[^a-zA-Z0-9]\/.test(t.secret)){for(var s,r,n,a=l.querySelectorAll('iframe[data-secret=\"'+t.secret+'\"]'),o=l.querySelectorAll('blockquote[data-secret=\"'+t.secret+'\"]'),c=new RegExp(\"^https?:$\",\"i\"),i=0;i<o.length;i++)o[i].style.display=\"none\";for(i=0;i<a.length;i++)s=a[i],e.source===s.contentWindow&&(s.removeAttribute(\"style\"),\"height\"===t.message?(1e3<(r=parseInt(t.value,10))?r=1e3:~~r<200&&(r=200),s.height=r):\"link\"===t.message&&(r=new URL(s.getAttribute(\"src\")),n=new URL(t.value),c.test(n.protocol))&&n.host===r.host&&l.activeElement===s&&(d.top.location.href=t.value))}},d.addEventListener(\"message\",d.wp.receiveEmbedMessage,!1),l.addEventListener(\"DOMContentLoaded\",function(){for(var e,t,s=l.querySelectorAll(\"iframe.wp-embedded-content\"),r=0;r<s.length;r++)(t=(e=s[r]).getAttribute(\"data-secret\"))||(t=Math.random().toString(36).substring(2,12),e.src+=\"#?secret=\"+t,e.setAttribute(\"data-secret\",t)),e.contentWindow.postMessage({message:\"ready\",secret:t},\"*\")},!1)))}(window,document);\n\/\/# sourceURL=https:\/\/sar-camp.wtf\/wp-includes\/js\/wp-embed.min.js\n<\/script>\n","description":"Concepto de cuidado infantil Campamento SAR 4-7 de septiembre de 2025 Querid@s pap\u00e1s y cuidador@s, Habr\u00e1 servicio de guarder\u00eda disponible en nuestro campamento. A continuaci\u00f3n, le ofrecemos informaci\u00f3n sobre lo que ofrecemos. \u00bfQUANDO? Ofrecemos servicio de guarder\u00eda durante el horario del programa (de 10:30 a. m. a 1:00 p. m. y de 3:00 p. m. ... Leer m\u00e1s"}

Concepto de cuidado infantil Campamento SAR 4-7 de septiembre de 2025 Querid@s papás y cuidador@s, Habrá servicio de guardería disponible en nuestro campamento. A continuación, le ofrecemos información sobre lo que ofrecemos. ¿QUANDO? Ofrecemos servicio de guardería durante el horario del programa (de 10:30 a. m. a 1:00 p. m. y de 3:00 p. m. ... Leer más
