{"id":1328,"date":"2025-08-29T18:13:01","date_gmt":"2025-08-29T18:13:01","guid":{"rendered":"https:\/\/sar-camp.wtf\/?page_id=1328"},"modified":"2025-08-29T18:15:44","modified_gmt":"2025-08-29T18:15:44","slug":"child-care-concept","status":"publish","type":"page","link":"https:\/\/sar-camp.wtf\/de\/child-care-concept\/","title":{"rendered":"Statement"},"content":{"rendered":"\n<div class=\"gb-element-0ef186e7 alignfull\">\n<!--Waves Container-->\n<div>\n<svg xmlns=\"http:\/\/www.w3.org\/2000\/svg\" xmlns:xlink=\"http:\/\/www.w3.org\/1999\/xlink\" class=\"waves\" viewbox=\"0 24 150 28\" preserveaspectratio=\"none\" shape-rendering=\"auto\">\n<defs>\n<path id=\"gentle-wave\" d=\"M-160 44c30 0 58-18 88-18s 58 18 88 18 58-18 88-18 58 18 88 18 v44h-352z\"><\/path>\n<\/defs>\n<g class=\"parallax\">\n<use xlink:href=\"#gentle-wave\" x=\"48\" y=\"0\" fill=\"rgba(255,255,255,0.7\"><\/use>\n<use xlink:href=\"#gentle-wave\" x=\"48\" y=\"3\" fill=\"rgba(255,255,255,0.5)\"><\/use>\n<use xlink:href=\"#gentle-wave\" x=\"48\" y=\"5\" fill=\"rgba(255,255,255,0.3)\"><\/use>\n<use xlink:href=\"#gentle-wave\" x=\"48\" y=\"7\" fill=\"#fff\"><\/use>\n<\/g>\n<\/svg>\n<\/div>\n<!--Waves end-->\n<\/div>\n\n<div class=\"gb-element-58f1432b alignfull\">\n<div class=\"gb-element-0b206c7b regular-width\">\n<p class=\"has-main-2-color has-text-color has-link-color wp-elements-c0e882c2b9fab36afe76d5ee11aa5d4b\" style=\"font-size:30px\"><strong>Statement &#8211; SAR Camp September 4\u20137, 2025<\/strong><\/p>\n\n\n\n<p>Dieses Camp wird aus der Seenotrettungs \u201cbubble\u201d heraus initiiert. Wir sind uns bewusst, dass unsere Perspektive damit begrenzt ist: Die Orga-Gruppe ist mehrheitlich wei\u00df, nicht behindert und mehrfach priviligiert. Wir wissen, dass wir dadurch bestimmte Erfahrungen und Bed\u00fcrfnisse von Menschen, die von Rassismus, Kolonialismus, Ableismus, Grenzgewalt und anderen Unterdr\u00fcckungsformen betroffen sind, nicht automatisch einbeziehen.  <\/p>\n\n\n\n<p>Wir verstehen den Kampf gegen das wei\u00dfe, europ\u00e4ische Grenzregime als unsere Verantwortung. Wir sehen es als unsere Aufgabe, diese Systeme nicht nur theoretisch zu kritisieren, sondern in unserer Arbeit und in der Gestaltung des Camps konkret zu hinterfragen und R\u00e4ume zu schaffen, die so inklusiv und zug\u00e4nglich wie m\u00f6glich sind. <\/p>\n\n\n\n<p>Wir verstehen Kritik und R\u00fcckmeldungen als zentrale Grundlage, um unsere Arbeit zu verbessern und inklusive R\u00e4ume zu schaffen. Wenn ihr Ideen, Anmerkungen oder Hinweise habt, wie wir das Camp sicherer und zug\u00e4nglicher gestalten k\u00f6nnen, wendet euch bitte direkt an uns. Entweder per Mail, pers\u00f6nlich vor Ort oder anonym durch unsere Feedbackbox auf dem Camp.   <\/p>\n\n\n\n<div style=\"height:151px\" aria-hidden=\"true\" class=\"wp-block-spacer\"><\/div>\n<\/div>\n<\/div>\n","protected":false},"excerpt":{"rendered":"<p>Statement &#8211; SAR Camp September 4\u20137, 2025 Dieses Camp wird aus der Seenotrettungs \u201cbubble\u201d heraus initiiert. Wir sind uns bewusst, dass unsere Perspektive damit begrenzt ist: Die Orga-Gruppe ist mehrheitlich wei\u00df, nicht behindert und mehrfach priviligiert. Wir wissen, dass wir dadurch bestimmte Erfahrungen und Bed\u00fcrfnisse von Menschen, die von Rassismus, Kolonialismus, Ableismus, Grenzgewalt und anderen &#8230; <a title=\"Statement\" class=\"read-more\" href=\"https:\/\/sar-camp.wtf\/de\/child-care-concept\/\" aria-label=\"Mehr Informationen \u00fcber Statement\">Weiterlesen<\/a><\/p>\n","protected":false},"author":1,"featured_media":0,"parent":0,"menu_order":0,"comment_status":"closed","ping_status":"closed","template":"","meta":{"inline_featured_image":false,"footnotes":""},"class_list":["post-1328","page","type-page","status-publish"],"yoast_head":"<!-- This site is optimized with the Yoast SEO plugin v26.1.1 - https:\/\/yoast.com\/wordpress\/plugins\/seo\/ -->\n<title>Statement - SAR Solidarity &amp; Resistance Camp<\/title>\n<meta name=\"robots\" content=\"index, follow, max-snippet:-1, max-image-preview:large, max-video-preview:-1\" \/>\n<link rel=\"canonical\" href=\"https:\/\/sar-camp.wtf\/de\/child-care-concept\/\" \/>\n<meta property=\"og:locale\" content=\"de_DE\" \/>\n<meta property=\"og:type\" content=\"article\" \/>\n<meta property=\"og:title\" content=\"Statement - SAR Solidarity &amp; Resistance Camp\" \/>\n<meta property=\"og:description\" content=\"Statement &#8211; SAR Camp September 4\u20137, 2025 Dieses Camp wird aus der Seenotrettungs \u201cbubble\u201d heraus initiiert. Wir sind uns bewusst, dass unsere Perspektive damit begrenzt ist: Die Orga-Gruppe ist mehrheitlich wei\u00df, nicht behindert und mehrfach priviligiert. Wir wissen, dass wir dadurch bestimmte Erfahrungen und Bed\u00fcrfnisse von Menschen, die von Rassismus, Kolonialismus, Ableismus, Grenzgewalt und anderen ... Weiterlesen\" \/>\n<meta property=\"og:url\" content=\"https:\/\/sar-camp.wtf\/de\/child-care-concept\/\" \/>\n<meta property=\"og:site_name\" content=\"SAR Solidarity &amp; Resistance Camp\" \/>\n<meta property=\"article:modified_time\" content=\"2025-08-29T18:15:44+00:00\" \/>\n<meta name=\"twitter:card\" content=\"summary_large_image\" \/>\n<meta name=\"twitter:label1\" content=\"Gesch\u00e4tzte Lesezeit\" \/>\n\t<meta name=\"twitter:data1\" content=\"1\u00a0Minute\" \/>\n<script type=\"application\/ld+json\" class=\"yoast-schema-graph\">{\"@context\":\"https:\/\/schema.org\",\"@graph\":[{\"@type\":\"WebPage\",\"@id\":\"https:\/\/sar-camp.wtf\/de\/child-care-concept\/\",\"url\":\"https:\/\/sar-camp.wtf\/de\/child-care-concept\/\",\"name\":\"Statement - SAR Solidarity &amp; Resistance Camp\",\"isPartOf\":{\"@id\":\"https:\/\/sar-camp.wtf\/de\/#website\"},\"datePublished\":\"2025-08-29T18:13:01+00:00\",\"dateModified\":\"2025-08-29T18:15:44+00:00\",\"breadcrumb\":{\"@id\":\"https:\/\/sar-camp.wtf\/de\/child-care-concept\/#breadcrumb\"},\"inLanguage\":\"de\",\"potentialAction\":[{\"@type\":\"ReadAction\",\"target\":[\"https:\/\/sar-camp.wtf\/de\/child-care-concept\/\"]}]},{\"@type\":\"BreadcrumbList\",\"@id\":\"https:\/\/sar-camp.wtf\/de\/child-care-concept\/#breadcrumb\",\"itemListElement\":[{\"@type\":\"ListItem\",\"position\":1,\"name\":\"Startseite\",\"item\":\"https:\/\/sar-camp.wtf\/de\/\"},{\"@type\":\"ListItem\",\"position\":2,\"name\":\"Statement\"}]},{\"@type\":\"WebSite\",\"@id\":\"https:\/\/sar-camp.wtf\/de\/#website\",\"url\":\"https:\/\/sar-camp.wtf\/de\/\",\"name\":\"SAR Solidarity &amp; Resistance Camp\",\"description\":\"10 Years of Solidarity &amp; Resistance - Search &amp; Rescue\",\"publisher\":{\"@id\":\"https:\/\/sar-camp.wtf\/de\/#organization\"},\"potentialAction\":[{\"@type\":\"SearchAction\",\"target\":{\"@type\":\"EntryPoint\",\"urlTemplate\":\"https:\/\/sar-camp.wtf\/de\/?s={search_term_string}\"},\"query-input\":{\"@type\":\"PropertyValueSpecification\",\"valueRequired\":true,\"valueName\":\"search_term_string\"}}],\"inLanguage\":\"de\"},{\"@type\":\"Organization\",\"@id\":\"https:\/\/sar-camp.wtf\/de\/#organization\",\"name\":\"SAR Solidarity &amp; Resistance Camp\",\"url\":\"https:\/\/sar-camp.wtf\/de\/\",\"logo\":{\"@type\":\"ImageObject\",\"inLanguage\":\"de\",\"@id\":\"https:\/\/sar-camp.wtf\/de\/#\/schema\/logo\/image\/\",\"url\":\"https:\/\/sar-camp.wtf\/wp-content\/uploads\/2025\/04\/sar-logo-w-text.png\",\"contentUrl\":\"https:\/\/sar-camp.wtf\/wp-content\/uploads\/2025\/04\/sar-logo-w-text.png\",\"width\":2485,\"height\":1560,\"caption\":\"SAR Solidarity &amp; Resistance Camp\"},\"image\":{\"@id\":\"https:\/\/sar-camp.wtf\/de\/#\/schema\/logo\/image\/\"}}]}<\/script>\n<!-- \/ Yoast SEO plugin. -->","yoast_head_json":{"title":"Statement - SAR Solidarity &amp; Resistance Camp","robots":{"index":"index","follow":"follow","max-snippet":"max-snippet:-1","max-image-preview":"max-image-preview:large","max-video-preview":"max-video-preview:-1"},"canonical":"https:\/\/sar-camp.wtf\/de\/child-care-concept\/","og_locale":"de_DE","og_type":"article","og_title":"Statement - SAR Solidarity &amp; Resistance Camp","og_description":"Statement &#8211; SAR Camp September 4\u20137, 2025 Dieses Camp wird aus der Seenotrettungs \u201cbubble\u201d heraus initiiert. Wir sind uns bewusst, dass unsere Perspektive damit begrenzt ist: Die Orga-Gruppe ist mehrheitlich wei\u00df, nicht behindert und mehrfach priviligiert. Wir wissen, dass wir dadurch bestimmte Erfahrungen und Bed\u00fcrfnisse von Menschen, die von Rassismus, Kolonialismus, Ableismus, Grenzgewalt und anderen ... Weiterlesen","og_url":"https:\/\/sar-camp.wtf\/de\/child-care-concept\/","og_site_name":"SAR Solidarity &amp; Resistance Camp","article_modified_time":"2025-08-29T18:15:44+00:00","twitter_card":"summary_large_image","twitter_misc":{"Gesch\u00e4tzte Lesezeit":"1\u00a0Minute"},"schema":{"@context":"https:\/\/schema.org","@graph":[{"@type":"WebPage","@id":"https:\/\/sar-camp.wtf\/de\/child-care-concept\/","url":"https:\/\/sar-camp.wtf\/de\/child-care-concept\/","name":"Statement - SAR Solidarity &amp; Resistance Camp","isPartOf":{"@id":"https:\/\/sar-camp.wtf\/de\/#website"},"datePublished":"2025-08-29T18:13:01+00:00","dateModified":"2025-08-29T18:15:44+00:00","breadcrumb":{"@id":"https:\/\/sar-camp.wtf\/de\/child-care-concept\/#breadcrumb"},"inLanguage":"de","potentialAction":[{"@type":"ReadAction","target":["https:\/\/sar-camp.wtf\/de\/child-care-concept\/"]}]},{"@type":"BreadcrumbList","@id":"https:\/\/sar-camp.wtf\/de\/child-care-concept\/#breadcrumb","itemListElement":[{"@type":"ListItem","position":1,"name":"Startseite","item":"https:\/\/sar-camp.wtf\/de\/"},{"@type":"ListItem","position":2,"name":"Statement"}]},{"@type":"WebSite","@id":"https:\/\/sar-camp.wtf\/de\/#website","url":"https:\/\/sar-camp.wtf\/de\/","name":"SAR Solidarity &amp; Resistance Camp","description":"10 Years of Solidarity &amp; Resistance - Search &amp; Rescue","publisher":{"@id":"https:\/\/sar-camp.wtf\/de\/#organization"},"potentialAction":[{"@type":"SearchAction","target":{"@type":"EntryPoint","urlTemplate":"https:\/\/sar-camp.wtf\/de\/?s={search_term_string}"},"query-input":{"@type":"PropertyValueSpecification","valueRequired":true,"valueName":"search_term_string"}}],"inLanguage":"de"},{"@type":"Organization","@id":"https:\/\/sar-camp.wtf\/de\/#organization","name":"SAR Solidarity &amp; Resistance Camp","url":"https:\/\/sar-camp.wtf\/de\/","logo":{"@type":"ImageObject","inLanguage":"de","@id":"https:\/\/sar-camp.wtf\/de\/#\/schema\/logo\/image\/","url":"https:\/\/sar-camp.wtf\/wp-content\/uploads\/2025\/04\/sar-logo-w-text.png","contentUrl":"https:\/\/sar-camp.wtf\/wp-content\/uploads\/2025\/04\/sar-logo-w-text.png","width":2485,"height":1560,"caption":"SAR Solidarity &amp; Resistance Camp"},"image":{"@id":"https:\/\/sar-camp.wtf\/de\/#\/schema\/logo\/image\/"}}]}},"_links":{"self":[{"href":"https:\/\/sar-camp.wtf\/de\/wp-json\/wp\/v2\/pages\/1328","targetHints":{"allow":["GET"]}}],"collection":[{"href":"https:\/\/sar-camp.wtf\/de\/wp-json\/wp\/v2\/pages"}],"about":[{"href":"https:\/\/sar-camp.wtf\/de\/wp-json\/wp\/v2\/types\/page"}],"author":[{"embeddable":true,"href":"https:\/\/sar-camp.wtf\/de\/wp-json\/wp\/v2\/users\/1"}],"replies":[{"embeddable":true,"href":"https:\/\/sar-camp.wtf\/de\/wp-json\/wp\/v2\/comments?post=1328"}],"version-history":[{"count":3,"href":"https:\/\/sar-camp.wtf\/de\/wp-json\/wp\/v2\/pages\/1328\/revisions"}],"predecessor-version":[{"id":1342,"href":"https:\/\/sar-camp.wtf\/de\/wp-json\/wp\/v2\/pages\/1328\/revisions\/1342"}],"wp:attachment":[{"href":"https:\/\/sar-camp.wtf\/de\/wp-json\/wp\/v2\/media?parent=1328"}],"curies":[{"name":"wp","href":"https:\/\/api.w.org\/{rel}","templated":true}]}}

<div class="gb-element-0ef186e7 alignfull">
<!--Waves Container-->
<div>
<svg xmlns="http://www.w3.org/2000/svg" xmlns:xlink="http://www.w3.org/1999/xlink" class="waves" viewbox="0 24 150 28" preserveaspectratio="none" shape-rendering="auto">
<defs>
<path id="gentle-wave" d="M-160 44c30 0 58-18 88-18s 58 18 88 18 58-18 88-18 58 18 88 18 v44h-352z"></path>
</defs>
<g class="parallax">
<use xlink:href="#gentle-wave" x="48" y="0" fill="rgba(255,255,255,0.7"></use>
<use xlink:href="#gentle-wave" x="48" y="3" fill="rgba(255,255,255,0.5)"></use>
<use xlink:href="#gentle-wave" x="48" y="5" fill="rgba(255,255,255,0.3)"></use>
<use xlink:href="#gentle-wave" x="48" y="7" fill="#fff"></use>
</g>
</svg>
</div>
<!--Waves end-->
</div>

<div class="gb-element-58f1432b alignfull">
<div class="gb-element-0b206c7b regular-width">
<p class="has-main-2-color has-text-color has-link-color wp-elements-c0e882c2b9fab36afe76d5ee11aa5d4b" style="font-size:30px"><strong>Statement &#8211; SAR Camp September 4–7, 2025</strong></p>



<p>Dieses Camp wird aus der Seenotrettungs “bubble” heraus initiiert. Wir sind uns bewusst, dass unsere Perspektive damit begrenzt ist: Die Orga-Gruppe ist mehrheitlich weiß, nicht behindert und mehrfach priviligiert. Wir wissen, dass wir dadurch bestimmte Erfahrungen und Bedürfnisse von Menschen, die von Rassismus, Kolonialismus, Ableismus, Grenzgewalt und anderen Unterdrückungsformen betroffen sind, nicht automatisch einbeziehen.  </p>



<p>Wir verstehen den Kampf gegen das weiße, europäische Grenzregime als unsere Verantwortung. Wir sehen es als unsere Aufgabe, diese Systeme nicht nur theoretisch zu kritisieren, sondern in unserer Arbeit und in der Gestaltung des Camps konkret zu hinterfragen und Räume zu schaffen, die so inklusiv und zugänglich wie möglich sind. </p>



<p>Wir verstehen Kritik und Rückmeldungen als zentrale Grundlage, um unsere Arbeit zu verbessern und inklusive Räume zu schaffen. Wenn ihr Ideen, Anmerkungen oder Hinweise habt, wie wir das Camp sicherer und zugänglicher gestalten können, wendet euch bitte direkt an uns. Entweder per Mail, persönlich vor Ort oder anonym durch unsere Feedbackbox auf dem Camp.   </p>



<div style="height:151px" aria-hidden="true" class="wp-block-spacer"></div>
</div>
</div>

<p>Statement &#8211; SAR Camp September 4–7, 2025 Dieses Camp wird aus der Seenotrettungs “bubble” heraus initiiert. Wir sind uns bewusst, dass unsere Perspektive damit begrenzt ist: Die Orga-Gruppe ist mehrheitlich weiß, nicht behindert und mehrfach priviligiert. Wir wissen, dass wir dadurch bestimmte Erfahrungen und Bedürfnisse von Menschen, die von Rassismus, Kolonialismus, Ableismus, Grenzgewalt und anderen &#8230; <a title="Statement" class="read-more" href="https://sar-camp.wtf/de/child-care-concept/" aria-label="Mehr Informationen über Statement">Weiterlesen</a></p>

<!-- This site is optimized with the Yoast SEO plugin v26.1.1 - https://yoast.com/wordpress/plugins/seo/ -->
<title>Statement - SAR Solidarity &amp; Resistance Camp</title>
<meta name="robots" content="index, follow, max-snippet:-1, max-image-preview:large, max-video-preview:-1" />
<link rel="canonical" href="https://sar-camp.wtf/de/child-care-concept/" />
<meta property="og:locale" content="de_DE" />
<meta property="og:type" content="article" />
<meta property="og:title" content="Statement - SAR Solidarity &amp; Resistance Camp" />
<meta property="og:description" content="Statement &#8211; SAR Camp September 4–7, 2025 Dieses Camp wird aus der Seenotrettungs “bubble” heraus initiiert. Wir sind uns bewusst, dass unsere Perspektive damit begrenzt ist: Die Orga-Gruppe ist mehrheitlich weiß, nicht behindert und mehrfach priviligiert. Wir wissen, dass wir dadurch bestimmte Erfahrungen und Bedürfnisse von Menschen, die von Rassismus, Kolonialismus, Ableismus, Grenzgewalt und anderen ... Weiterlesen" />
<meta property="og:url" content="https://sar-camp.wtf/de/child-care-concept/" />
<meta property="og:site_name" content="SAR Solidarity &amp; Resistance Camp" />
<meta property="article:modified_time" content="2025-08-29T18:15:44+00:00" />
<meta name="twitter:card" content="summary_large_image" />
<meta name="twitter:label1" content="Geschätzte Lesezeit" />
	<meta name="twitter:data1" content="1 Minute" />
<script type="application/ld+json" class="yoast-schema-graph">{"@context":"https://schema.org","@graph":[{"@type":"WebPage","@id":"https://sar-camp.wtf/de/child-care-concept/","url":"https://sar-camp.wtf/de/child-care-concept/","name":"Statement - SAR Solidarity &amp; Resistance Camp","isPartOf":{"@id":"https://sar-camp.wtf/de/#website"},"datePublished":"2025-08-29T18:13:01+00:00","dateModified":"2025-08-29T18:15:44+00:00","breadcrumb":{"@id":"https://sar-camp.wtf/de/child-care-concept/#breadcrumb"},"inLanguage":"de","potentialAction":[{"@type":"ReadAction","target":["https://sar-camp.wtf/de/child-care-concept/"]}]},{"@type":"BreadcrumbList","@id":"https://sar-camp.wtf/de/child-care-concept/#breadcrumb","itemListElement":[{"@type":"ListItem","position":1,"name":"Startseite","item":"https://sar-camp.wtf/de/"},{"@type":"ListItem","position":2,"name":"Statement"}]},{"@type":"WebSite","@id":"https://sar-camp.wtf/de/#website","url":"https://sar-camp.wtf/de/","name":"SAR Solidarity &amp; Resistance Camp","description":"10 Years of Solidarity &amp; Resistance - Search &amp; Rescue","publisher":{"@id":"https://sar-camp.wtf/de/#organization"},"potentialAction":[{"@type":"SearchAction","target":{"@type":"EntryPoint","urlTemplate":"https://sar-camp.wtf/de/?s={search_term_string}"},"query-input":{"@type":"PropertyValueSpecification","valueRequired":true,"valueName":"search_term_string"}}],"inLanguage":"de"},{"@type":"Organization","@id":"https://sar-camp.wtf/de/#organization","name":"SAR Solidarity &amp; Resistance Camp","url":"https://sar-camp.wtf/de/","logo":{"@type":"ImageObject","inLanguage":"de","@id":"https://sar-camp.wtf/de/#/schema/logo/image/","url":"https://sar-camp.wtf/wp-content/uploads/2025/04/sar-logo-w-text.png","contentUrl":"https://sar-camp.wtf/wp-content/uploads/2025/04/sar-logo-w-text.png","width":2485,"height":1560,"caption":"SAR Solidarity &amp; Resistance Camp"},"image":{"@id":"https://sar-camp.wtf/de/#/schema/logo/image/"}}]}</script>
<!-- / Yoast SEO plugin. -->

Statement &#8211; SAR Camp September 4–7, 2025 Dieses Camp wird aus der Seenotrettungs “bubble” heraus initiiert. Wir sind uns bewusst, dass unsere Perspektive damit begrenzt ist: Die Orga-Gruppe ist mehrheitlich weiß, nicht behindert und mehrfach priviligiert. Wir wissen, dass wir dadurch bestimmte Erfahrungen und Bedürfnisse von Menschen, die von Rassismus, Kolonialismus, Ableismus, Grenzgewalt und anderen ... Weiterlesen
